{"version":"1.0","provider_name":"Anecoop","provider_url":"https:\/\/anecoop.com\/fr\/","author_name":"Anecoop","author_url":"https:\/\/anecoop.com\/fr\/sala-de-prensa\/author\/anecoop\/","title":"Anecoop Recibe el premio \"Empresa de 2015\" por su consolidaci\u00f3n en Francia - Anecoop","type":"rich","width":600,"height":338,"html":"<blockquote class=\"wp-embedded-content\" data-secret=\"gDZZ9pwvMv\"><a href=\"https:\/\/anecoop.com\/fr\/sala-de-prensa\/bodega-la-vina\/\">Anecoop Recibe el premio &#8220;Empresa de 2015&#8221; por su consolidaci\u00f3n en Francia<\/a><\/blockquote><iframe sandbox=\"allow-scripts\" security=\"restricted\" src=\"https:\/\/anecoop.com\/fr\/sala-de-prensa\/bodega-la-vina\/embed\/#?secret=gDZZ9pwvMv\" width=\"600\" height=\"338\" title=\"&#8220;Anecoop Recibe el premio &#8220;Empresa de 2015&#8221; por su consolidaci\u00f3n en Francia&#8221; &#8212; Anecoop\" data-secret=\"gDZZ9pwvMv\" frameborder=\"0\" marginwidth=\"0\" marginheight=\"0\" scrolling=\"no\" class=\"wp-embedded-content\"><\/iframe><script>\n\/*! This file is auto-generated *\/\n!function(d,l){\"use strict\";l.querySelector&&d.addEventListener&&\"undefined\"!=typeof URL&&(d.wp=d.wp||{},d.wp.receiveEmbedMessage||(d.wp.receiveEmbedMessage=function(e){var t=e.data;if((t||t.secret||t.message||t.value)&&!\/[^a-zA-Z0-9]\/.test(t.secret)){for(var s,r,n,a=l.querySelectorAll('iframe[data-secret=\"'+t.secret+'\"]'),o=l.querySelectorAll('blockquote[data-secret=\"'+t.secret+'\"]'),c=new RegExp(\"^https?:$\",\"i\"),i=0;i<o.length;i++)o[i].style.display=\"none\";for(i=0;i<a.length;i++)s=a[i],e.source===s.contentWindow&&(s.removeAttribute(\"style\"),\"height\"===t.message?(1e3<(r=parseInt(t.value,10))?r=1e3:~~r<200&&(r=200),s.height=r):\"link\"===t.message&&(r=new URL(s.getAttribute(\"src\")),n=new URL(t.value),c.test(n.protocol))&&n.host===r.host&&l.activeElement===s&&(d.top.location.href=t.value))}},d.addEventListener(\"message\",d.wp.receiveEmbedMessage,!1),l.addEventListener(\"DOMContentLoaded\",function(){for(var e,t,s=l.querySelectorAll(\"iframe.wp-embedded-content\"),r=0;r<s.length;r++)(t=(e=s[r]).getAttribute(\"data-secret\"))||(t=Math.random().toString(36).substring(2,12),e.src+=\"#?secret=\"+t,e.setAttribute(\"data-secret\",t)),e.contentWindow.postMessage({message:\"ready\",secret:t},\"*\")},!1)))}(window,document);\n\/\/# sourceURL=https:\/\/anecoop.com\/wp-includes\/js\/wp-embed.min.js\n<\/script>\n","thumbnail_url":"https:\/\/anecoop.com\/wp-content\/uploads\/2025\/09\/trofeos-cocef-1.jpg","thumbnail_width":766,"thumbnail_height":530,"description":"Este reconocimiento de la C\u00e1mara Oficial de Comercio de Espa\u00f1a en Francia (COCEF) premia la consolidaci\u00f3n de Anecoop en el pa\u00eds galo, donde cuenta con una filial, Anecoop France, desde 1979."}

Anecoop Recibe el premio "Empresa de 2015" por su consolidación en Francia - Anecoop

<blockquote class="wp-embedded-content" data-secret="gDZZ9pwvMv"><a href="https://anecoop.com/fr/sala-de-prensa/bodega-la-vina/">Anecoop Recibe el premio &#8220;Empresa de 2015&#8221; por su consolidación en Francia</a></blockquote><iframe sandbox="allow-scripts" security="restricted" src="https://anecoop.com/fr/sala-de-prensa/bodega-la-vina/embed/#?secret=gDZZ9pwvMv" width="600" height="338" title="&#8220;Anecoop Recibe el premio &#8220;Empresa de 2015&#8221; por su consolidación en Francia&#8221; &#8212; Anecoop" data-secret="gDZZ9pwvMv" frameborder="0" marginwidth="0" marginheight="0" scrolling="no" class="wp-embedded-content"></iframe><script>
/*! This file is auto-generated */
!function(d,l){"use strict";l.querySelector&&d.addEventListener&&"undefined"!=typeof URL&&(d.wp=d.wp||{},d.wp.receiveEmbedMessage||(d.wp.receiveEmbedMessage=function(e){var t=e.data;if((t||t.secret||t.message||t.value)&&!/[^a-zA-Z0-9]/.test(t.secret)){for(var s,r,n,a=l.querySelectorAll('iframe[data-secret="'+t.secret+'"]'),o=l.querySelectorAll('blockquote[data-secret="'+t.secret+'"]'),c=new RegExp("^https?:$","i"),i=0;i<o.length;i++)o[i].style.display="none";for(i=0;i<a.length;i++)s=a[i],e.source===s.contentWindow&&(s.removeAttribute("style"),"height"===t.message?(1e3<(r=parseInt(t.value,10))?r=1e3:~~r<200&&(r=200),s.height=r):"link"===t.message&&(r=new URL(s.getAttribute("src")),n=new URL(t.value),c.test(n.protocol))&&n.host===r.host&&l.activeElement===s&&(d.top.location.href=t.value))}},d.addEventListener("message",d.wp.receiveEmbedMessage,!1),l.addEventListener("DOMContentLoaded",function(){for(var e,t,s=l.querySelectorAll("iframe.wp-embedded-content"),r=0;r<s.length;r++)(t=(e=s[r]).getAttribute("data-secret"))||(t=Math.random().toString(36).substring(2,12),e.src+="#?secret="+t,e.setAttribute("data-secret",t)),e.contentWindow.postMessage({message:"ready",secret:t},"*")},!1)))}(window,document);
//# sourceURL=https://anecoop.com/wp-includes/js/wp-embed.min.js
</script>

Este reconocimiento de la Cámara Oficial de Comercio de España en Francia (COCEF) premia la consolidación de Anecoop en el país galo, donde cuenta con una filial, Anecoop France, desde 1979.
